 digit of u?
3
Let a(x) = 137*x**3 + x**2 - 2*x + 1. Suppose o - 12 = 2*s, 0 = -5*o + 5*s - 46 + 81. What is the hundreds digit of a(o)?
0
Suppose 0 = -2*n + 5*o - 20, -5*o + 11 = 3*n - 9. Suppose q + n*x + x - 62 = 0, 3*x = q - 66. What is the tens digit of q?
6
What is the thousands digit of (241774/(-2))/(-17) - (1 + 1)?
7
Suppose 3*v = -15, -5*d = 4*v + 364 - 849. Let o = 3 + 0. Suppose o*u + 3 = 0, 4*u - 267 = -2*b + d. What is the hundreds digit of b?
1
Let q = 18753 - 3365. What is the units digit of q?
8
Let q be ((-4)/(-10))/((-1)/(-60)). Let n(w) be the third derivative of -w**5/30 + 13*w**4/6 - 5*w**3/6 - 137*w**2. What is the units digit of n(q)?
1
What is the hundreds digit of 9/((-54)/(-35383)) + (-2)/12?
8
What is the thousands digit of (-2 + 26)*(-99456)/(-333)?
7
Let t(g) = -6015*g - 127. What is the hundreds digit of t(-7)?
9
Let b be -11 - ((-3)/(-3 - -2) + -1). Let i(j) = j**3 + 17*j**2 + 10*j - 10. What is the tens digit of i(b)?
3
Let i(s) be the second derivative of -s**6/36 - s**5/40 + 2*s**4 - 32*s. Let p(h) be the third derivative of i(h). What is the hundreds digit of p(-9)?
1
Suppose -3*f + 266 - 202 = s, f - 4*s = 4. What is the tens digit of f?
2
Let r be (-9)/6 + -5 + 90/12. What is the hundreds digit of 5 + (3 + r - -343)?
3
Suppose -3*y = -3*f + 135, -2*y - 96 = -2*f + 2*y. Let l = f - 39. Suppose l*o + 8 = 5*o. What is the units digit of o?
4
Suppose -2*y = -3*m + 1345 + 4654, 4*y + 5995 = 3*m. Suppose 0 = -3*a + 5*b + 2148, 2*b - 168 = -3*a + m. What is the tens digit of a?
2
Suppose -2*f - 14 = -3*g, 2*g - 5 = -3*f - 0*f. Let t(y) = -y**3 - 12*y**2 + 8*y + 82. Let r be t(-12). What is the units digit of (-3)/g*(r + -30)?
3
Let k(j) = 50*j**3 + 664*j**2 - 24*j - 12. What is the tens digit of k(-12)?
9
Let z(d) = -2*d + 9. Let a be z(-4). Suppose 4*s - a = -9. Suppose -c + s*m = -3*m - 42, 0 = 4*c - 2*m - 132. What is the units digit of c?
2
Let t(h) = 2*h**2 - 4*h - 17. Let q be t(-8). Suppose 16*i = 2*i + 742. Let u = q - i. What is the tens digit of u?
9
Suppose 4*r - 3*i - 99 - 35 = 0, 0 = -5*r + i + 173. Suppose -r = 2*c + 21. Let w = c - -78. What is the tens digit of w?
5
Suppose 188288 = 5*u + m, 3*u = 4088*m - 4093*m + 113008. What is the tens digit of u?
5
Suppose 4*r - 6*r = 21*r - 3588. Let t = 511 + -216. Let c = t - r. What is the units digit of c?
9
Suppose -3*n + 4*f + 1360 = 0, 2*n - 2260 = -3*n + 5*f. Suppose -4*i = i. Suppose -7*y = -i*y - n. What is the tens digit of y?
6
Suppose -25 = 2*b - 3. Let d(x) = -x**3 - 2*x**2 + 32*x + 11. What is the hundreds digit of d(b)?
7
Let j = 83 + -80. Suppose 5*x + 2*h = 4614, j*x - 2034 = -5*h + 723. What is the tens digit of x?
2
Suppose -2*r + 8 = 0, 2*r + 559 = -3*m + 4*m. Let y = m + -139. What is the hundreds digit of y?
4
Suppose -1936766 = -218*j + 1642576. What is the hundreds digit of j?
4
Let r = 965 + 878. Let j = -512 + r. What is the hundreds digit of j?
3
Let b(c) = -c**3 + 94*c**2 - 114*c - 1125. What is the units digit of b(90)?
5
Let f(x) = 10*x**2 + 19*x - 10. Let v be f(-9). What is the hundreds digit of -4 + v - (3 - 0)?
6
What is the units digit of -12874*(1827/42)/(-29)?
1
Suppose 0 = 4*a + 3*u - 30114, 3*u - 37647 = -18*a + 13*a. What is the units digit of a?
3
Let u = 679 + 7991. What is the units digit of u?
0
Let n(x) = 16*x + 86. Let s(l) = -l. Let g(a) = -n(a) - 3*s(a). What is the units digit of g(-8)?
8
Suppose -11*l + 4*l = -2751. Suppose 2*g - 5*g - l = 0. Let o = 187 + g. What is the units digit of o?
6
Let v = -7 + 8. Let t(w) = -2*w + 2. Let j be t(v). Suppose j*h = -3*n + h + 157, -3*n + 151 = 5*h. What is the units digit of n?
2
Let h = -2 - -7. Let c be -3 + 4 - (15*-1 + 0). Suppose -h*o + 4*o + c = 0. What is the units digit of o?
6
Suppose -12 - 14 = 26*z. What is the units digit of (0 + 1788/12)/(z/(-3))?
7
Suppose -12*i - 10583 - 7201 = 0. Let z = i - -2252. What is the hundreds digit of z?
7
Let n = -956 - -8552. What is the hundreds digit of n?
5
Let o = -66 + 66. Suppose -5*r + f + 15 = o, -3*r + f + 3 = -4*r. Suppose 0 = 3*p - 3, -3*w + p + r*p + 66 = 0. What is the tens digit of w?
2
Let i = -995 + 6480. What is the units digit of i?
5
Suppose -5*p = -5*c - 35, -3*p - 2*c + 20 = -4*c. Let d be (-11)/(-1) - (-2 + p). Suppose -g - 3*z + 7 = 4*g, -z - d = -3*g. What is the units digit of g?
2
Suppose 5*v + 3*s - 26442 = 0, -3*s + 319 - 307 = 0. What is the units digit of v?
6
Let z(o) be the second derivative of o**4/6 + 13*o**3/3 - 9*o**2 - 2*o - 8. What is the tens digit of z(-20)?
6
Let v = 4122 - -3981. What is the units digit of v?
3
Suppose 9*f = 14*f - 5120. Suppose -4*u - f = -2*g, -5*u - 678 - 599 = -4*g. What is the units digit of (u/(-5))/(3 + (-14)/5)?
7
Suppose 0 = 3*x + c - 3546, 237*x - 242*x - 2*c = -5910. What is the tens digit of x?
8
Suppose b + 41 = -4*f - 16, -f = -4. Let p = -76 - b. What is the tens digit of (50/p)/((-44)/198)?
7
Suppose s = 350 + 440. Suppose 52 = -3*b + s. Suppose q = 5*x + b, -q + x + 266 = 6*x. What is the units digit of q?
6
Let n be (-2 - -9) + (-9)/((-12)/(-4)). Suppose -6 - 26 = n*k. Let i(v) = -v**2 - 20*v - 1. What is the tens digit of i(k)?
9
Let g = -105 + 105. Suppose -v - 56 + 191 = g. What is the units digit of (-13)/(-5)*1 - (-54)/v?
3
Suppose 12 - 32 = -10*h. Suppose -h*z + 10*t - 7*t = -448, 5*t - 480 = -2*z. What is the units digit of z?
0
Let a be (-74*(4 - 5))/(-3 - -5). Let z(x) = 15*x - 180. What is the hundreds digit of z(a)?
3
What is the thousands digit of 5/25 - 977192/(-40)?
4
Let m(v) = 11 - 124*v + 35 + 13. What is the tens digit of m(-5)?
7
Let g = -5842 + 6626. What is the hundreds digit of g?
7
Let c = 96 - 88. What is the units digit of (-9132)/(-48) - 2/c?
0
Let w = 21592 + -7988. What is the units digit of w?
4
Suppose -19*y = -23*y + 432. What is the units digit of ((-8)/y*-9)/((-4)/(-126))?
1
Suppose -243*j + 226*j + 327080 = 0. What is the thousands digit of j?
9
What is the hundreds digit of 3 - ((-7351)/(0 - -1) + 4)?
3
Let m(g) = -2*g**2 + 2. Let u(q) = q**2 - q - 1. Let s(t) = m(t) - u(t). Let x be s(-5). Let b = x + 134. What is the units digit of b?
7
Suppose 0 = 4175*c - 4164*c - 84491. What is the hundreds digit of c?
6
What is the thousands digit of (5 - 76990/14)/(4/(-14))?
9
Let d = 170 + 645. Let f = d - 488. Let n = f + -171. What is the hundreds digit of n?
1
Let z(q) = -2*q - 18. Let c be z(-14). Suppose -c = -5*o, -5*o + 3 + 7 = 5*p. Suppose p*t + 225 = 3*t. What is the units digit of t?
5
What is the ten thousands digit of (-11 - -3453)*((-36)/(-126) + (-26)/(-7))?
1
Suppose 31*o + 9*o = 28240. What is the hundreds digit of o?
7
Suppose -3*z - 4378 = -4*r + 3730, -5*r = 20. Let c be z/(-14) - -3*(-2)/14. Suppose 259 + c = 4*m. What is the tens digit of m?
1
Suppose -4*d - 60274 = -7*d - 4*m, 6*d = 5*m + 120496. Suppose 22*b - d = 11*b. What is the thousands digit of b?
1
Suppose -159856 + 792936 = 17*i. What is the units digit of i?
0
What is the tens digit of (22116/(-1455))/((-4)/7550)?
9
Let b(x) = 630*x**2 - 23*x - 52. What is the units digit of b(-2)?
4
Let v be (548/16)/((-4)/(109 - -3)). Let z = -310 - v. What is the units digit of z?
9
Let c(d) = 82*d**2 - 4*d + 10. What is the tens digit of c(-11)?
7
Let i(o) = 618*o + 1739. What is the hundreds digit of i(12)?
1
Suppose 4*l - 2*u - 10 = 0, 5 - 2 = 2*l + u. Suppose 0 = l*v - b - 715, -8*b + 1045 = 3*v - 4*b. What is the units digit of v?
5
Suppose -3*g + 443 = w, -4*w = 2*g - 167 - 145. Suppose 2*t = -g + 702. Let b = t - 165. What is the hundreds digit of b?
1
Let o(v) = -110*v + 29. Let g = 76 - 84. Let r be o(g). Suppose 4*z - 3*a = 497, 5*z - a - r = -296. What is the tens digit of z?
2
Suppose -4*q + 165 = -39. Let r(w) = -39*w. Let u be r(-1). Suppose -s + u = -q. What is the units digit of s?
0
Suppose 1239 - 273 = -6*q. Let l = 336 + q. What is the tens digit of l?
7
Let a(i) = 27*i - 156. Let u(c) = -2*c + 4. Let v(l) = 3*a(l) + 45*u(l). What is the tens digit of v(-44)?
0
Let o(x) = 46*x**3 + 18*x**2 - 139*x - 58. What is the hundreds digit of o(7)?
6
Suppose 29*y = 11986 + 13041. What is the tens digit of y?
6
Let g(w) = 2*w**3 - 9*w**2 - 7*w + 12. Let c be g(10). Let b = c - 683. Suppose 4*y - b = -3*v, v + 3*v = y - 104. What is the tens d